49 a composite number?
True
Is 335692031 composite?
False
Is 4780494361 composite?
True
Is 4815427153 prime?
True
Is 57285592537 a composite number?
False
Is 843401137 a prime number?
False
Is 2660365621 a composite number?
False
Is 29327176733 composite?
False
Is 243277509671 composite?
True
Is 10565309971 prime?
True
Is 2706153677 prime?
True
Is 2039870431 a prime number?
False
Is 14855880719 a composite number?
True
Is 3740099309 composite?
True
Is 1024972435 a composite number?
True
Is 205822155091 prime?
False
Is 574030762 prime?
False
Is 20104046141 composite?
False
Is 3714363773 a prime number?
False
Is 25744923221 prime?
False
Is 540230721 a composite number?
True
Is 354829687 prime?
True
Is 6209841941 a prime number?
True
Is 1297352057 composite?
False
Is 13943518837 a composite number?
True
Is 63837279157 prime?
True
Is 155911755715 a prime number?
False
Is 1597270013 a prime number?
True
Is 16880068637 composite?
False
Is 1709000117 composite?
True
Is 31069407797 a prime number?
False
Is 118746796351 composite?
True
Is 116171273 composite?
False
Is 1455742403 prime?
False
Is 1784296361 prime?
False
Is 579792149 a prime number?
False
Is 17930037373 a prime number?
True
Is 914294417 a prime number?
True
Is 191627147 prime?
False
Is 37758410342 a prime number?
False
Is 14660260033 prime?
True
Is 1165096799 prime?
True
Is 5222563607 a prime number?
False
Is 85286251 prime?
True
Is 1158102133 composite?
False
Is 307557077 a composite number?
True
Is 28429655599 a composite number?
True
Is 69704902931 prime?
True
Is 4619738873 a composite number?
False
Is 298336793 composite?
True
Is 446766827 composite?
True
Is 18531630353 prime?
True
Is 237563955163 a composite number?
True
Is 167373707 prime?
False
Is 37630327733 a composite number?
True
Is 461636467 composite?
True
Is 1830373013 composite?
True
Is 916275149 a prime number?
True
Is 1527179159 prime?
False
Is 331068405739 prime?
False
Is 77100979 a composite number?
False
Is 12454336919 prime?
True
Is 30307290758 composite?
True
Is 102129173 a prime number?
True
Is 17284672219 a prime number?
False
Is 17061190063 prime?
False
Is 32571813941 prime?
False
Is 538783039 composite?
False
Is 7550593859 prime?
True
Is 4877498839 prime?
True
Is 774870803 a composite number?
True
Is 2917391511 composite?
True
Is 87682713343 a composite number?
False
Is 385965289 a composite number?
True
Is 15425860483 composite?
True
Is 34425388289 a prime number?
False
Is 14214156767 prime?
True
Is 6375878303 composite?
False
Is 27049241 prime?
True
Is 26695857907 composite?
True
Is 147154489 a composite number?
True
Is 4849433239 composite?
True
Is 5932252811 composite?
False
Is 1392042089 a prime number?
True
Is 1646173535 prime?
False
Is 880113991 a composite number?
True
Is 834935579 prime?
False
Is 12215854111 prime?
True
Is 3207805603 prime?
True
Is 17556504713 a prime number?
False
Is 3427042783 a prime number?
True
Is 10914423203 a composite number?
False
Is 331033645 prime?
False
Is 47633654689 prime?
True
Is 1126477483 a composite number?
False
Is 29545033919 prime?
True
Is 565909777 prime?
True
Is 25864115267 prime?
True
Is 212029799 composite?
False
Is 8902939603 a composite number?
False
Is 24089269583 prime?
True
Is 19676278331 prime?
False
Is 118779547 a prime number?
True
Is 4425817367 prime?
False
Is 7989649009 a composite number?
False
Is 5123827589 a prime number?
False
Is 23019805153 a composite number?
True
Is 1034782897 a composite number?
True
Is 12118718845 prime?
False
Is 3600215663 a composite number?
True
Is 5119476283 a composite number?
False
Is 1058560766 a composite number?
True
Is 519513758 a composite number?
True
Is 859214947 composite?
False
Is 1666338379 a composite number?
False
Is 3824789119 a composite number?
True
Is 5041724291 a prime number?
True
Is 9078032737 composite?
True
Is 7170832609 prime?
False
Is 404005895063 prime?
False
Is 256183157 a prime number?
True
Is 73519768997 a composite number?
False
Is 141287357 a prime number?
False
Is 89164179595 prime?
False
Is 1682447174 a prime number?
False
Is 7014044729 composite?
True
Is 1228826441 composite?
False
Is 4128751457 composite?
False
Is 2202626677 composite?
False
Is 7392048263 prime?
False
Is 15605214329 prime?
True
Is 35245123 a prime number?
True
Is 37818472711 a prime number?
False
Is 229400569 composite?
False
Is 3820804835 a composite number?
True
Is 3695413921 a prime number?
True
Is 1668772643 composite?
True
Is 282868667 a composite number?
True
Is 102461323777 a composite number?
False
Is 307466399 a composite number?
True
Is 1126038619 prime?
True
Is 1771008709 a composite number?
False
Is 7319822893 prime?
True
Is 605414034961 prime?
True
Is 11971988891 prime?
True
Is 41929856803 a composite number?
False
Is 6717896849 a prime number?
True
Is 19294857811 a composite number?
False
Is 58011173719 composite?
False
Is 29139779 a composite number?
False
Is 8605230118 a composite number?
True
Is 96029753293 a composite number?
False
Is 1346252137 prime?
False
Is 1660674677 composite?
True
Is 3007583377 composite?
False
Is 173606007977 prime?
False
Is 66893246431 composite?
True
Is 131498573 prime?
False
Is 22818246293 a prime number?
False
Is 1243681337 a composite number?
True
Is 4196465573 a composite number?
True
Is 4594900733 a prime number?
False
Is 83007199163 prime?
False
Is 5426745277 composite?
False
Is 2143313231 prime?
True
Is 6021338111 a composite number?
False
Is 647109854 composite?
True
Is 3481201541 a composite number?
True
Is 30106273249 a prime number?
False
Is 94664477 composite?
False
Is 1699214639 composite?
False
Is 168457073 composite?
False
Is 1618801189 prime?
True
Is 273552887 prime?
True
Is 2022321991 composite?
True
Is 605533813 a composite number?
True
Is 1907804369 a composite number?
True
Is 20273866 a prime number?
False
Is 332117047 a prime number?
True
Is 10375542967 composite?
False
Is 33560626777 prime?
True
Is 396745483 prime?
True
Is 22527500353 a composite number?
True
Is 1186022613 a composite number?
True
Is 8314849157 prime?
True
Is 5032291157 composite?
True
Is 9061496671 a composite number?
True
Is 1987751221 a composite number?
True
Is 2704156841 a prime number?
True
Is 12479901409 composite?
False
Is 28453048289 a prime number?
False
Is 5111643937 prime?
True
Is 2525114147 composite?
False
Is 30561190907 composite?
True
Is 1385931529 a composite number?
True
Is 10838737963 a composite number?
True
Is 954247289 composite?
True
Is 131770916321 a prime number?
False
Is 1647698323 a prime number?
False
Is 135152323 a composite number?
True
Is 11039878277 prime?
True
Is 949891843 a prime number?
True
Is 4720547 a composite number?
True
Is 4661419153 a composite number?
False
Is 1286928289 prime?
True
Is 29154781391 a composite number?
True
Is 7054624459 composite?
False
Is 23438190953 composite?
False
Is 2697158663 prime?
False
Is 7354609 a composite number?
False
Is 2072529829 prime?
True
Is 6883892079 a prime number?
False
Is 23738472742 composite?
True
Is 304206677 a prime number?
True
Is 1244249891 composite?
False
Is 46321213 composite?
True
Is 3004396853 prime?
True
Is 5627990219 a composite number?
False
Is 82052738023 a prime number?
True
Is 358347043 prime?
True
Is 255714659 composite?
True
Is 64678472455 a prime number?
False
Is 65691480913 a composite number?
False
Is 17570699889 a composite number?
True
Is 22734964139 composite?
False
Is 927875523 composite?
True
Is 5375163491 prime?
True
Is 43793018221 a composite number?
True
Is 21835651 a prime number?
False
Is 470430847 a prime number?
False
Is 257693528227 a prime number?
True
Is 1247910926 a prime number?
False
Is 68956155721 a composite number?
True
Is 121273975897 a prime number?
False
Is 48350581 composite?
True
Is 13798900721 a composite number?
True
Is 51743537 a prime number?
False
Is 9156717293 composite?
True
Is 9284025241 a prime number?
False
Is 952819843 a prime number?
False
Is 1434128669 a prime number?
False
Is 24456087239 a composite number?
True
Is 140627521 a composite number?
False
Is 113861081 a prime number?
False
Is 485143367 prime?
True
Is 12829455955 composite?
True
Is 22446094637 a composite number?
True
Is 42996929 composite?
True
Is 4441990769 a composite number?
Tru